composite?
True
Is 2845643393 a composite number?
False
Is 505247579 a prime number?
False
Is 2734741573 a prime number?
False
Is 5498101841 a composite number?
True
Is 144300352783 composite?
False
Is 1386798209 prime?
True
Is 22791303299 a prime number?
True
Is 378697471 prime?
False
Is 7671914167 composite?
True
Is 682322497 prime?
True
Is 499578029 prime?
True
Is 1845772823 a prime number?
True
Is 12312799043 a composite number?
True
Is 11559489 a composite number?
True
Is 646365289 prime?
True
Is 1388247031 a composite number?
False
Is 1433423671 composite?
False
Is 24410162263 a composite number?
False
Is 4486195487 composite?
True
Is 63883225366 a prime number?
False
Is 10911036602 prime?
False
Is 284984261 composite?
False
Is 2168506139 composite?
True
Is 15922303987 a composite number?
True
Is 683014209 composite?
True
Is 56746337579 a prime number?
True
Is 4101238301 prime?
True
Is 684874657 a composite number?
True
Is 237050049223 a prime number?
False
Is 4401861881 prime?
True
Is 18596443243 composite?
True
Is 22284419 prime?
True
Is 46653595943 composite?
False
Is 2235654131 a composite number?
True
Is 2966375599 a prime number?
False
Is 4111361263 composite?
True
Is 4347479429 a prime number?
False
Is 12851174251 a composite number?
True
Is 1554398467 a prime number?
True
Is 3276386459 composite?
True
Is 2473818857 a composite number?
False
Is 73762461439 a prime number?
True
Is 7123313311 prime?
True
Is 72753553 a prime number?
True
Is 111724127311 prime?
True
Is 51343545931 a prime number?
False
Is 12088306507 a composite number?
False
Is 81317847769 a composite number?
True
Is 29945521841 composite?
False
Is 835585799 a composite number?
False
Is 2347438039 a composite number?
True
Is 2785092329 composite?
False
Is 2530465403 prime?
False
Is 1363693619 composite?
False
Is 47085269639 prime?
True
Is 3874744759 a prime number?
True
Is 739140019 a composite number?
False
Is 1525293179 prime?
True
Is 416413931 a prime number?
True
Is 403962851 a composite number?
False
Is 35516597 prime?
True
Is 5252218547 a composite number?
False
Is 32375018953 a composite number?
False
Is 831270743 prime?
False
Is 1509709477 composite?
True
Is 36431929 prime?
True
Is 196878426649 a composite number?
True
Is 86838809 prime?
False
Is 39306457747 a prime number?
True
Is 2388364514 prime?
False
Is 922827869 prime?
False
Is 2169601913 a composite number?
True
Is 993108603 a composite number?
True
Is 44561414059 composite?
True
Is 17289785789 a prime number?
True
Is 30367562613 prime?
False
Is 359045633 composite?
True
Is 782842187 composite?
True
Is 171531954199 prime?
True
Is 15555009733 a composite number?
True
Is 153500524109 composite?
True
Is 48434218279 a prime number?
True
Is 30398015831 a composite number?
True
Is 1639322507 composite?
True
Is 1962601561 prime?
False
Is 10383813743 composite?
False
Is 581753573 composite?
True
Is 2777478601 composite?
False
Is 1070097001 a prime number?
True
Is 880334383 composite?
True
Is 528669491 a composite number?
True
Is 115808753 prime?
True
Is 15350912921 composite?
False
Is 213266099 a prime number?
False
Is 152454994969 composite?
False
Is 7998649649 a prime number?
True
Is 595784947 prime?
False
Is 209030207 a composite number?
True
Is 48452897029 prime?
False
Is 80337617797 prime?
False
Is 497652241 prime?
False
Is 20079769103 a composite number?
False
Is 1142945899 prime?
True
Is 57268531973 a composite number?
True
Is 119733768679 prime?
False
Is 22754862413 composite?
False
Is 12479147131 a composite number?
True
Is 2893732277 a composite number?
False
Is 974570197 composite?
False
Is 3351242533 prime?
True
Is 4261969487 a composite number?
True
Is 892636883 a prime number?
True
Is 383485 a composite number?
True
Is 3431705059 a prime number?
False
Is 186114001 a prime number?
True
Is 21739493 a prime number?
True
Is 49902358703 composite?
True
Is 351473860889 prime?
True
Is 2990978293 a prime number?
True
Is 98306503 a composite number?
False
Is 10812892199 a prime number?
True
Is 1215778877 composite?
False
Is 9473102399 composite?
False
Is 14547926751 prime?
False
Is 10598660543 a composite number?
False
Is 9080975861 a composite number?
False
Is 45112236001 prime?
False
Is 496938089 a composite number?
True
Is 119636771 a prime number?
True
Is 4782041023 a composite number?
False
Is 12015898429 composite?
False
Is 4377451837 a prime number?
False
Is 8335015511 prime?
True
Is 10529283095 prime?
False
Is 77377501589 prime?
True
Is 159116611 a composite number?
False
Is 1217384617 a composite number?
False
Is 71424767527 composite?
True
Is 17571321853 composite?
False
Is 562771151 composite?
False
Is 253053995 a prime number?
False
Is 1157081549 prime?
False
Is 1324423003 prime?
True
Is 10724978647 a composite number?
False
Is 2220027803 prime?
False
Is 52242097 a prime number?
False
Is 5484833293 a composite number?
False
Is 436959029 composite?
True
Is 83434837267 a composite number?
False
Is 2000912633 composite?
True
Is 4307396533 composite?
True
Is 43797341065 a composite number?
True
Is 4164605701 a prime number?
True
Is 7691027021 a prime number?
False
Is 2008292465 a composite number?
True
Is 15622327397 a prime number?
False
Is 219432523 composite?
True
Is 515114311 composite?
True
Is 8010219655 prime?
False
Is 10688007983 composite?
False
Is 5055359851 a prime number?
True
Is 697767613 a prime number?
True
Is 282246953 prime?
True
Is 18003883 prime?
True
Is 9585074711 composite?
False
Is 645921223 a prime number?
False
Is 13173953747 a composite number?
False
Is 9120736237 a composite number?
True
Is 27554893463 prime?
False
Is 1900148639 composite?
False
Is 152530711 a prime number?
False
Is 11404684961 composite?
False
Is 7810529779 a prime number?
False
Is 17683810769 prime?
True
Is 46406623903 prime?
True
Is 2265755673 prime?
False
Is 3779206987 prime?
False
Is 416133407 prime?
False
Is 1381408541 composite?
True
Is 269962717 composite?
True
Is 1465752703 prime?
False
Is 204490981 a composite number?
False
Is 6015381709 prime?
False
Is 370020403 a composite number?
False
Is 2386314605 prime?
False
Is 4391533645 composite?
True
Is 623018707 a composite number?
False
Is 83730047663 prime?
True
Is 6219494803 a prime number?
False
Is 6504488153 a composite number?
False
Is 572734909 composite?
True
Is 33220028434 a composite number?
True
Is 1927374121 prime?
False
Is 6926928353 composite?
True
Is 67517613817 a composite number?
True
Is 850187203 composite?
True
Is 12098319929 composite?
False
Is 79294803253 prime?
True
Is 25309030223 prime?
True
Is 32911831466 a prime number?
False
Is 6132253359 composite?
True
Is 26907268547 a prime number?
True
Is 613404185 prime?
False
Is 660405617 composite?
True
Is 53178693151 prime?
True
Is 1725794243 prime?
True
Is 929949607 prime?
False
Is 849731651 a composite number?
False
Is 2564754905 composite?
True
Is 2150030669 composite?
True
Is 509810333 a prime number?
True
Is 1610305733 composite?
False
Is 349513306 prime?
False
Is 52301399 a composite number?
False
Is 4232217043 a prime number?
True
Is 30701483249 a composite number?
False
Is 39870400949 a composite number?
True
Is 1411195871 a prime number?
True
Is 931490867 a composite number?
False
Is 85155761 composite?
True
Is 84837787 a composite number?
False
Is 3706662613 composite?
False
Is 3479313029 composite?
False
Is 33573361611 prime?
False
Is 8434325777 prime?
False
Is 157414961 a prime number?
False
Is 755327571 composite?
True
Is 615750257 prime?
True
Is 29193468919 a composite number?
False
Is 1403166593 a composite number?
False
Is 2171572357 composite?
False
Is 9230397593 prime?
False
Is 23722256537 prime?
False
Is 1276037993 a prime number?
True
Is 1585138778 a composite number?
True
Is 526195159 a composite number?
True
Is 2634486223 prime?
True
Is 23116073 prime?
False
Is 191508523 a composite number?
True
Is 212192377 composite?
False
Is 413013749 composite?
True
Is 2316676249 a composite number?
False
Is 33442048271 a prime number?
True
Is 3547704503 a prime number?
False
Is 175655369 prime?
True
Is 463610861 prime?
False
Is 13940813189 a composite number?
True
Is 60212196809 prime?
False
Is 8620288121 prime?
True
Is 1113903551 composite?
False
Is 2406703595 prime?
F